 third derivative of -v**6/120 + v**5/10 - 5*v**4/24 - 5*v**3/6 + 18*v**2 - v. Calculate r(c).
-5
Let c be -3*(6/(-15) - 38/30). Let y(a) = -a**3 + 4*a**2 + 4. Give y(c).
-21
Let v(b) be the third derivative of -b**4/24 + b**3/3 + 9*b**2 - 2. Determine v(7).
-5
Let z(k) be the second derivative of k**5/20 + k**4/4 - 2*k**3/3 - 5*k**2/2 + 86*k. Calculate z(-4).
-5
Let r(c) = -12575*c**3 + 8*c**2 + c**2 + 9*c + 11 + 12574*c**3. What is r(10)?
1
Let b(s) = -48*s - 29. Let z(w) = -79*w - 58. Let m(r) = -5*b(r) + 3*z(r). Give m(7).
-8
Let p = -5 - -11. Let g be (2/(-2))/(p/(-54)). Suppose 5*q - 2*m + 0 - 12 = 0, -g = -3*q + 3*m. Let k(b) = -3*b - 1. Give k(q).
-7
Let l = -31 - -38. Let t(a) = -9*a - 5 - a + 4*a + l*a. Suppose -3*q = -3*g - 24 - 0, -5*q - 2*g + 12 = 0. Give t(q).
-1
Let v(u) be the first derivative of 3*u**2/2 - 49*u + 422. Give v(16).
-1
Let x be ((-5)/30)/(2/(-60)). Let q(j) = -j**2 + 7*j - 1. Determine q(x).
9
Let x(i) = 6 - 16*i + 12 + i + 10 + 16*i. Give x(-6).
22
Let x(a) be the second derivative of -a**6/120 - 7*a**5/60 - a**4/24 + a**3 - 4*a**2 + 31*a. Let r(p) be the first derivative of x(p). What is r(-6)?
-24
Let z(x) = -3*x + 3. Let m be z(4). Let l(o) = -3*o - 7. What is l(m)?
20
Let n be 9/(-3) + (-75)/(-5). Suppose 8*d - n*d + 40 = 0. Let z(a) = -a**2 + 10*a - 1. What is z(d)?
-1
Let u(y) = 3*y + 3. Let i(d) = -3*d - 5. Let k(w) = 5*i(w) + 6*u(w). Let s be (-6)/((-4)/(-2)) + 10. Determine k(s).
14
Let c(u) = -u**2 - 8*u + 2. Suppose 0 = -2*n - 4, 5*v = 4*n + 41 + 67. Suppose -5*r - h - 43 = -3*h, 0 = 5*h - v. What is c(r)?
9
Let d = 58 - 57. Let s be ((-9)/d)/((-24)/(-16)). Let w(c) = c. Give w(s).
-6
Let w(r) = 2*r + 1. Let a = 39 + -37. Suppose 4*c + 5*p = 37, -a*c - 5*p + 28 = -c. What is w(c)?
7
Let r = 3 + 3. Suppose 0 = r*z - 9*z + 6. Suppose 15 = -z*a + 7*a. Let o(g) = 3*g - 4. Determine o(a).
5
Let n(v) = 2*v**3 + 2*v**2 + 5*v - 30. Let b(i) = 3*i**3 + 3*i**2 + 8*i - 44. Let q(s) = 5*b(s) - 8*n(s). Determine q(0).
20
Let h(b) = 16*b**3 + 6*b**2 + 41*b - 6. Let j(u) = -7*u**3 - 3*u**2 - 17*u + 3. Let t(n) = 3*h(n) + 7*j(n). Suppose 2 = -c, q - 4*c = 2*q + 12. Give t(q).
3
Suppose -44 + 113 = 23*i. Let v(x) be the second derivative of -9/2*x**2 - 13*x - 1/6*x**i + 0. Calculate v(0).
-9
Let p(m) be the second derivative of -m**3/6 + 5*m**2 + m + 2. What is p(8)?
2
Let q(f) be the second derivative of -3*f + 0 + 0*f**2 + 1/6*f**3. Suppose -17 = j + 5*l, l + 4 = -0. Determine q(j).
3
Let r be (-7)/6 - -1 - 2/(-12). Let u(m) = 5*m**3 - 6*m**2 - 6*m + 12. Let n(a) = 4*a**3 - 5*a**2 - 5*a + 11. Let l(s) = 6*n(s) - 5*u(s). What is l(r)?
6
Let k(h) = 74*h**3 - 7*h**2 - 8 - 8*h - 150*h**3 + 77*h**3. What is k(8)?
-8
Suppose -i + 3*i - 6 = 0. Suppose 4*v - 2 = -3*m + 8, 0 = 5*m + 5*v - 15. Let o(x) = 9*x - 2*x - 6*x - m. Give o(i).
1
Let v(d) = 302*d**2 - 299*d**2 + 4*d**3 + d + 3*d**3. Give v(-2).
-46
Let h(x) be the second derivative of -1/6*x**3 + 1/12*x**4 + 0 - x + 0*x**2. Suppose b + k - 6 = 0, 5*b - 48*k + 50*k - 21 = 0. What is h(b)?
6
Let u(a) be the first derivative of -6 + 2*a + 1/3*a**3 + 7/2*a**2. Suppose i = 2*q - i + 2, -5*q = 3*i + 45. Calculate u(q).
-4
Let r(u) = -u + 5. Let t(l) = -l + 1. Let m be t(-3). Suppose 5*n - 38 = -m*s + 7, 2*n - 5 = s. Let w(b) = -b**2 + 5*b. Let a be w(n). Calculate r(a).
5
Let h(o) = 18660 - 18660 + 22*o. What is h(-1)?
-22
Let j(c) = 7*c**3 - c**2 + c + 1. Suppose 12*t + 35 = 7*t. Let z = 12 + t. Suppose 0 = -z*m - 9 + 4. Determine j(m).
-8
Let q(h) = 10 + h + h**3 + 87*h**2 + 8*h - 79*h**2. What is q(-7)?
-4
Let i(n) = n**2 + 2*n - 4. Let g = 23 - 11. Suppose 0*y = -4*y + g. Let m be -1*(y - 7)/(-1). Give i(m).
4
Suppose -12*a + 84 = -0*a. Let o(d) = 2*d - 4. Let f be o(3). Let g = f - a. Let h(p) = p**3 + 7*p**2 + 7*p + 5. Determine h(g).
20
Let t(d) = d**2 - 9*d + 2. Let s = 21 - 18. Suppose -s*w = w - 44. Let k(b) = -b**2 + 12*b - 3. Let a be k(w). Determine t(a).
-6
Suppose 5*o + 2*c = -10, 11*c - 23 = 2*o + 8*c. Let g(m) = -m**3 - 3*m**2 + 5*m - 3. Give g(o).
-7
Let n(i) = i - 6. Let g be n(6). Let s(q) be the first derivative of -q**3/3 - q**2/2 - 2*q + 361. What is s(g)?
-2
Let b(z) = -z. Let t(g) = -5 - 2 + 5. Suppose 0 = -21*l - 2 + 23. Let i(d) = l*b(d) + t(d). Give i(0).
-2
Let i(m) = -3*m - 13. Let w(k) = -k - 5. Let n(b) = -2*i(b) + 7*w(b). Let u = 2 + -2. Give n(u).
-9
Let a(m) = 6*m + 1. Suppose -4*q + 6 = 2*t, -5*t = q - 2*q - 15. Suppose u - 3*u = q. Suppose -5*s = 5*j - 15, -2*j = 3*s - u - 11. What is a(j)?
-11
Suppose -7 + 4 = h. Let l be (-2 - (-40)/25)*-5. Let p(b) = -6 + 2 - l*b + 0. What is p(h)?
2
Let l(z) be the second derivative of z**5/20 - z**4/6 - z**3/2 + 2*z**2 - 312*z - 1. Let r(b) = -2*b + 3. Let n be r(-3). Suppose 2*p = -3 + n. What is l(p)?
4
Let p be (-10)/(-25) - 16*8/20. Let y(m) = m**2 + 9*m + 12. Give y(p).
-6
Let o(j) = -j**3 - 11*j - 10*j - 2*j**2 - 6*j + 29*j + 1. Let w(q) = q**2 - 9*q + 15. Let i be w(6). Calculate o(i).
4
Let a = -12 + 14. Let v(b) = a*b**2 + 0*b - 11 - 4*b - 9*b**2 - b. Let q(i) = -8*i**2 - 6*i - 11. Let t(z) = 6*q(z) - 7*v(z). What is t(0)?
11
Let u(o) = -23*o - 44. Let i(c) = 19*c + 36. Let d(g) = -6*i(g) - 5*u(g). Suppose -14 = -3*a + 4. Suppose a*m = 2*m - 12. Give d(m).
1
Suppose 10*d = 9*d + 11. Let j(q) = -3*q**3 + 3*q - 23 + 12*q**3 + 11*q**2 + q**2. Let k(a) = -5*a**3 - 6*a**2 - a + 12. Let y(h) = d*k(h) + 6*j(h). Give y(7).
-6
Let o(k) = 3*k + 5. Suppose -21 = 7*r - 0*r. Let l be (24/9 + r)/((-1)/12). Calculate o(l).
17
Suppose -4*m + 4*v = -88, m - 5*m = -3*v - 87. Let l be 3/2 + m/2. Let s(y) = -l*y**2 - 3*y**2 + 1 + 4*y**2. What is s(-1)?
-10
Let j(i) = -3*i**3 - i**2 + 2*i - 1. Suppose 4*k - 8 = -0. Let d be (2 + -5 + 0)*k/(-6). Determine j(d).
-3
Let f(w) = 102 + 6*w**2 + 6*w - 53 - 52 + w**3. Suppose 0 = 5*q - 2*q + 15. Determine f(q).
-8
Suppose -h - 4*p - 6 = 0, -3*h - p = -6*p - 16. Let g be ((-12)/9)/(4/(-6)). Let j(z) = -4*z**2 - 3 + 3*z - z**3 + 0*z - g*z**3 + 4*z**3. Calculate j(h).
-5
Let o = -55 + 58. Let k(n) = n - n**o + 5*n**2 + 2*n**2 - 2*n - 3*n - 6. What is k(6)?
6
Let p(u) = -9*u**2 + u. Let n = -22 - -26. Let a be (2/n)/((-8)/(-32)). Suppose -1 = 4*s + 2*c - 5, -a*s + 2 = 5*c. Give p(s).
-8
Suppose 0 = 5*b - 0*b - 30. Suppose 5*i - 2*f - 2*f = 19, -2*i = 4*f - 2. Let y(v) = -3*v**3 + 3 - 8*v + 4*v**i + 12*v**2 - 17*v**2. Give y(b).
-9
Suppose 5*n = 22 + 3. Suppose n*z + 54 = -4*p, 3*z - z - 5*p + 48 = 0. Let h = z + 12. Let i(j) = j**2 - 3*j - 2. Give i(h).
8
Let c(w) = w**3 + 8*w**2 + 8*w + 4. Let d(f) = -7*f + 246. Let y be d(36). Calculate c(y).
28
Let n(q) = -2*q - 3. Let k(r) = r - 16. Let l be k(10). Suppose -o - 2 + 5 = 0. Let j = o + l. What is n(j)?
3
Suppose -3*b = -3*s + 21, 4*s - 2*s - 8 = 0. Let r(c) = -1 + 0*c + c**2 + 4*c + 1 - 1. Calculate r(b).
-4
Suppose m - 15 = -2*x - 2*x, 5 = -2*m - x. Let v(t) be the first derivative of t**2 - 5*t - 103. Determine v(m).
-15
Suppose -5*j + 3*k + 31 = 0, -3*j + 35 = 2*j - 5*k. Suppose 2*o - 2 = 2. Let g(b) = -7 - 6*b + 2*b + 3*b**o - 2*b**2. Give g(j).
-2
Let j(q) be the first derivative of q**4/4 + q**3/3 + q**2/2 + q - 433. Give j(-2).
-5
Let n(s) be the third derivative of -1/120*s**6 - 5*s**2 + 11/24*s**4 - 1/10*s**5 + 0*s + 0 + 5/3*s**3. Give n(-7).
-18
Let g(p) = p**3 - 4*p**2 + p. Suppose 8 = w - j + 6*j, -32 = 5*w + j. Let d = 10 + w. What is g(d)?
-6
Let m(d) be the second derivative of d**5/20 - 17*d**4/12 - d**3/6 + 21*d**2/2 - 154*d. Determine m(17).
4
Let x(y) = -3*y + 2 + 0 - 3. Suppose -10*t = -41 + 1. Let h be (-10 - -4)*1*2/t. What is x(h)?
8
Let b(p) = -p**2 - 5*p - 1. Let y be (9/12)/((-2)/(-288)). Let d be 4/26 + y/(-26). Let m be b(d). Let i(h) = -h**2 + 2*h + 1. What is i(m)?
-2
Let v(i) = i**2 + 3*i + 3. Suppose -5*l = 6*l + 22. Determine v(l).
1
Let x(v) = v**2 + 14*v + 27. Let g be x(-12). Suppose -g*r = -j - 1, 7 = -4*r - 0*r + 3*j. Let s(y) = y - 4*y + y**2 + 2*y - y**3. Give s(r).
-6
Let c be (-16)/3*18/(-12). Let w(l) = -2 + 2*l**2 - c*l - 1 - 2*l**2 - l**2. Let s = 84 + -92. Determine w(s).
-3
Let k(x) = -2*x**3 + 12*x**2 + 15*x - 16. Let d(p) = -p**3 + 7*p**2 + 8*p - 9. Let t(z) = 7*d(z) - 4*k(z). Give t(-4).
-31
Let h(b) = -b**2 + 9*b - 4. Suppose 0*p + 2*p - 8 = -4*n, -p = -2*n + 8. Let